{"id":44,"date":"2023-02-11T15:49:25","date_gmt":"2023-02-11T14:49:25","guid":{"rendered":"http:\/\/ernestomanciet.fr\/?page_id=44"},"modified":"2024-01-19T09:48:29","modified_gmt":"2024-01-19T08:48:29","slug":"contact","status":"publish","type":"page","link":"https:\/\/ernestomanciet.fr\/index.php\/contact\/","title":{"rendered":"Contact"},"content":{"rendered":"\n<p><\/p>\n\n\n\n<p class=\"has-text-align-center has-medium-font-size\">Pour vos r\u00e9servations, pour plus de renseignements, n&#8217;h\u00e9sitez pas \u00e0 nous contacter au <\/p>\n\n\n\n<p class=\"has-text-align-center has-medium-font-size\">05 62 08 56 40<\/p>\n\n\n\n<p class=\"has-text-align-center has-medium-font-size\">Votre Bar- H\u00f4tel- Restaurant vous attend au <\/p>\n\n\n\n<p class=\"has-text-align-center has-medium-font-size\">2 route d&#8217;Espas, 32370 MANCIET<\/p>\n\n\n\n<p><\/p>\n\n\n\n<div class=\"wp-block-group\"><div class=\"wp-block-group__inner-container is-layout-constrained wp-block-group-is-layout-constrained\">\t\t<div id=\"wpmapblock_86b74cfd\" data-settings='{&quot;map_marker&quot;:[{&quot;lat&quot;:&quot;43.79984683301558&quot;,&quot;lng&quot;:&quot;0.042622872435744696&quot;,&quot;title&quot;:&quot;Bar- Restaurant- Chambres d&amp;#039;h\\u00f4tes Ernesto&quot;,&quot;content&quot;:&quot;&quot;,&quot;iconType&quot;:&quot;default&quot;,&quot;customIconUrl&quot;:&quot;&quot;,&quot;customIconWidth&quot;:&quot;25&quot;,&quot;customIconHeight&quot;:&quot;40&quot;}],&quot;map_zoom&quot;:&quot;20&quot;,&quot;scroll_wheel_zoom&quot;:&quot;1&quot;,&quot;map_type&quot;:&quot;GM&quot;,&quot;center_index&quot;:0}' class=\"wpmapblockrender\" style=\"\n\t\t\twidth: 100%;\n\t\t\theight: 500px;\n\t\t\"><\/div>\n        <\/div><\/div>\n","protected":false},"excerpt":{"rendered":"<p>Pour vos r\u00e9servations, pour plus de renseignements, n&#8217;h\u00e9sitez pas \u00e0 nous contacter au 05 62 08 56 40 Votre Bar- H\u00f4tel- Restaurant vous attend au 2 route d&#8217;Espas, 32370 MANCIET<\/p>\n","protected":false},"author":1,"featured_media":0,"parent":0,"menu_order":0,"comment_status":"closed","ping_status":"closed","template":"","meta":{"footnotes":""},"class_list":["post-44","page","type-page","status-publish","hentry"],"yoast_head":"<!-- This site is optimized with the Yoast SEO plugin v20.1 - https:\/\/yoast.com\/wordpress\/plugins\/seo\/ -->\n<title>Contact - Ernesto<\/title>\n<meta name=\"description\" content=\"Pour vos r\u00e9servations, pour des renseignements, contactez nous 05 62 08 56 40. 2 route d&#039;Espas, 32370 MANCIET\" \/>\n<meta name=\"robots\" content=\"index, follow, max-snippet:-1, max-image-preview:large, max-video-preview:-1\" \/>\n<link rel=\"canonical\" href=\"http:\/\/ernestomanciet.fr\/index.php\/contact\/\" \/>\n<meta property=\"og:locale\" content=\"en_US\" \/>\n<meta property=\"og:type\" content=\"article\" \/>\n<meta property=\"og:title\" content=\"Contact - Ernesto\" \/>\n<meta property=\"og:description\" content=\"Pour vos r\u00e9servations, pour des renseignements, contactez nous 05 62 08 56 40. 2 route d&#039;Espas, 32370 MANCIET\" \/>\n<meta property=\"og:url\" content=\"http:\/\/ernestomanciet.fr\/index.php\/contact\/\" \/>\n<meta property=\"og:site_name\" content=\"Ernesto\" \/>\n<meta property=\"article:publisher\" content=\"https:\/\/www.facebook.com\/ernestomanciet\" \/>\n<meta property=\"article:modified_time\" content=\"2024-01-19T08:48:29+00:00\" \/>\n<meta name=\"twitter:card\" content=\"summary_large_image\" \/>\n<meta name=\"twitter:label1\" content=\"Est. reading time\" \/>\n\t<meta name=\"twitter:data1\" content=\"1 minute\" \/>\n<script type=\"application\/ld+json\" class=\"yoast-schema-graph\">{\"@context\":\"https:\/\/schema.org\",\"@graph\":[{\"@type\":\"WebPage\",\"@id\":\"http:\/\/ernestomanciet.fr\/index.php\/contact\/\",\"url\":\"http:\/\/ernestomanciet.fr\/index.php\/contact\/\",\"name\":\"Contact - Ernesto\",\"isPartOf\":{\"@id\":\"https:\/\/ernestomanciet.fr\/#website\"},\"datePublished\":\"2023-02-11T14:49:25+00:00\",\"dateModified\":\"2024-01-19T08:48:29+00:00\",\"description\":\"Pour vos r\u00e9servations, pour des renseignements, contactez nous 05 62 08 56 40. 2 route d'Espas, 32370 MANCIET\",\"breadcrumb\":{\"@id\":\"http:\/\/ernestomanciet.fr\/index.php\/contact\/#breadcrumb\"},\"inLanguage\":\"en-US\",\"potentialAction\":[{\"@type\":\"ReadAction\",\"target\":[\"http:\/\/ernestomanciet.fr\/index.php\/contact\/\"]}]},{\"@type\":\"BreadcrumbList\",\"@id\":\"http:\/\/ernestomanciet.fr\/index.php\/contact\/#breadcrumb\",\"itemListElement\":[{\"@type\":\"ListItem\",\"position\":1,\"name\":\"Accueil\",\"item\":\"https:\/\/ernestomanciet.fr\/\"},{\"@type\":\"ListItem\",\"position\":2,\"name\":\"Contact\"}]},{\"@type\":\"WebSite\",\"@id\":\"https:\/\/ernestomanciet.fr\/#website\",\"url\":\"https:\/\/ernestomanciet.fr\/\",\"name\":\"Ernesto manciet\",\"description\":\"\",\"potentialAction\":[{\"@type\":\"SearchAction\",\"target\":{\"@type\":\"EntryPoint\",\"urlTemplate\":\"https:\/\/ernestomanciet.fr\/?s={search_term_string}\"},\"query-input\":\"required name=search_term_string\"}],\"inLanguage\":\"en-US\"}]}<\/script>\n<!-- \/ Yoast SEO plugin. -->","yoast_head_json":{"title":"Contact - Ernesto","description":"Pour vos r\u00e9servations, pour des renseignements, contactez nous 05 62 08 56 40. 2 route d'Espas, 32370 MANCIET","robots":{"index":"index","follow":"follow","max-snippet":"max-snippet:-1","max-image-preview":"max-image-preview:large","max-video-preview":"max-video-preview:-1"},"canonical":"http:\/\/ernestomanciet.fr\/index.php\/contact\/","og_locale":"en_US","og_type":"article","og_title":"Contact - Ernesto","og_description":"Pour vos r\u00e9servations, pour des renseignements, contactez nous 05 62 08 56 40. 2 route d'Espas, 32370 MANCIET","og_url":"http:\/\/ernestomanciet.fr\/index.php\/contact\/","og_site_name":"Ernesto","article_publisher":"https:\/\/www.facebook.com\/ernestomanciet","article_modified_time":"2024-01-19T08:48:29+00:00","twitter_card":"summary_large_image","twitter_misc":{"Est. reading time":"1 minute"},"schema":{"@context":"https:\/\/schema.org","@graph":[{"@type":"WebPage","@id":"http:\/\/ernestomanciet.fr\/index.php\/contact\/","url":"http:\/\/ernestomanciet.fr\/index.php\/contact\/","name":"Contact - Ernesto","isPartOf":{"@id":"https:\/\/ernestomanciet.fr\/#website"},"datePublished":"2023-02-11T14:49:25+00:00","dateModified":"2024-01-19T08:48:29+00:00","description":"Pour vos r\u00e9servations, pour des renseignements, contactez nous 05 62 08 56 40. 2 route d'Espas, 32370 MANCIET","breadcrumb":{"@id":"http:\/\/ernestomanciet.fr\/index.php\/contact\/#breadcrumb"},"inLanguage":"en-US","potentialAction":[{"@type":"ReadAction","target":["http:\/\/ernestomanciet.fr\/index.php\/contact\/"]}]},{"@type":"BreadcrumbList","@id":"http:\/\/ernestomanciet.fr\/index.php\/contact\/#breadcrumb","itemListElement":[{"@type":"ListItem","position":1,"name":"Accueil","item":"https:\/\/ernestomanciet.fr\/"},{"@type":"ListItem","position":2,"name":"Contact"}]},{"@type":"WebSite","@id":"https:\/\/ernestomanciet.fr\/#website","url":"https:\/\/ernestomanciet.fr\/","name":"Ernesto manciet","description":"","potentialAction":[{"@type":"SearchAction","target":{"@type":"EntryPoint","urlTemplate":"https:\/\/ernestomanciet.fr\/?s={search_term_string}"},"query-input":"required name=search_term_string"}],"inLanguage":"en-US"}]}},"_links":{"self":[{"href":"https:\/\/ernestomanciet.fr\/index.php\/wp-json\/wp\/v2\/pages\/44","targetHints":{"allow":["GET"]}}],"collection":[{"href":"https:\/\/ernestomanciet.fr\/index.php\/wp-json\/wp\/v2\/pages"}],"about":[{"href":"https:\/\/ernestomanciet.fr\/index.php\/wp-json\/wp\/v2\/types\/page"}],"author":[{"embeddable":true,"href":"https:\/\/ernestomanciet.fr\/index.php\/wp-json\/wp\/v2\/users\/1"}],"replies":[{"embeddable":true,"href":"https:\/\/ernestomanciet.fr\/index.php\/wp-json\/wp\/v2\/comments?post=44"}],"version-history":[{"count":4,"href":"https:\/\/ernestomanciet.fr\/index.php\/wp-json\/wp\/v2\/pages\/44\/revisions"}],"predecessor-version":[{"id":116,"href":"https:\/\/ernestomanciet.fr\/index.php\/wp-json\/wp\/v2\/pages\/44\/revisions\/116"}],"wp:attachment":[{"href":"https:\/\/ernestomanciet.fr\/index.php\/wp-json\/wp\/v2\/media?parent=44"}],"curies":[{"name":"wp","href":"https:\/\/api.w.org\/{rel}","templated":true}]}}